{"id":2,"date":"2024-09-27T09:16:25","date_gmt":"2024-09-27T07:16:25","guid":{"rendered":"https:\/\/www.varmlandschips.se\/under\/?page_id=2"},"modified":"2024-09-27T11:06:37","modified_gmt":"2024-09-27T09:06:37","slug":"omoss","status":"publish","type":"page","link":"https:\/\/www.varmlandschips.se\/index.php\/omoss\/","title":{"rendered":"Om oss"},"content":{"rendered":"\n<p>N\u00e4r handskivad potatis och gyllene rapsolja f\u00f6renades i en liten gryta i mitten av 2019 lades f\u00f6rsta byggstenen f\u00f6r vad som idag kallas V\u00e4rmlandschips.\u00a0V\u00e5ra delikatesschips grytfriteras i sm\u00e5 batcher p\u00e5 klassiskt vis, med skalet kvar, och smaks\u00e4tts d\u00e4refter med v\u00e5ra unika kryddkompositioner. Vi str\u00e4var efter att s\u00e5 m\u00e5nga som m\u00f6jligt ska f\u00e5 njuta av och insupa\u00a0den absolut b\u00e4sta m\u00f6jliga chipsupplevelsen! Sugen \u00e4n?\u00a0<\/p>\n\n\n\n<p><\/p>\n\n\n\n<blockquote class=\"wp-block-quote is-layout-flow wp-block-quote-is-layout-flow\">\n<p>Vill du s\u00e4lja V\u00e4rmlandschips i din butik eller krog? maila info@varmlandschips.se<\/p>\n<\/blockquote>\n","protected":false},"excerpt":{"rendered":"<p>N\u00e4r handskivad potatis och gyllene rapsolja f\u00f6renades i en liten gryta i mitten av 2019 lades f\u00f6rsta byggstenen f\u00f6r vad som idag kallas V\u00e4rmlandschips.\u00a0V\u00e5ra delikatesschips grytfriteras i sm\u00e5 batcher p\u00e5 klassiskt vis, med skalet kvar, och smaks\u00e4tts d\u00e4refter med v\u00e5ra unika kryddkompositioner. Vi str\u00e4var efter att s\u00e5 m\u00e5nga som m\u00f6jligt ska f\u00e5 njuta av och [&hellip;]<\/p>\n","protected":false},"author":1,"featured_media":0,"parent":0,"menu_order":0,"comment_status":"closed","ping_status":"open","template":"","meta":{"footnotes":""},"class_list":["post-2","page","type-page","status-publish","hentry"],"yoast_head":"<!-- This site is optimized with the Yoast SEO plugin v27.4 - https:\/\/yoast.com\/product\/yoast-seo-wordpress\/ -->\n<title>Om oss - Grytfriterade Delikatesschips<\/title>\n<meta name=\"robots\" content=\"index, follow, max-snippet:-1, max-image-preview:large, max-video-preview:-1\" \/>\n<link rel=\"canonical\" href=\"https:\/\/www.varmlandschips.se\/index.php\/omoss\/\" \/>\n<meta property=\"og:locale\" content=\"sv_SE\" \/>\n<meta property=\"og:type\" content=\"article\" \/>\n<meta property=\"og:title\" content=\"Om oss - Grytfriterade Delikatesschips\" \/>\n<meta property=\"og:description\" content=\"N\u00e4r handskivad potatis och gyllene rapsolja f\u00f6renades i en liten gryta i mitten av 2019 lades f\u00f6rsta byggstenen f\u00f6r vad som idag kallas V\u00e4rmlandschips.\u00a0V\u00e5ra delikatesschips grytfriteras i sm\u00e5 batcher p\u00e5 klassiskt vis, med skalet kvar, och smaks\u00e4tts d\u00e4refter med v\u00e5ra unika kryddkompositioner. Vi str\u00e4var efter att s\u00e5 m\u00e5nga som m\u00f6jligt ska f\u00e5 njuta av och [&hellip;]\" \/>\n<meta property=\"og:url\" content=\"https:\/\/www.varmlandschips.se\/index.php\/omoss\/\" \/>\n<meta property=\"og:site_name\" content=\"Grytfriterade Delikatesschips\" \/>\n<meta property=\"article:modified_time\" content=\"2024-09-27T09:06:37+00:00\" \/>\n<meta name=\"twitter:card\" content=\"summary_large_image\" \/>\n<meta name=\"twitter:label1\" content=\"Ber\u00e4knad l\u00e4stid\" \/>\n\t<meta name=\"twitter:data1\" content=\"1 minut\" \/>\n<script type=\"application\/ld+json\" class=\"yoast-schema-graph\">{\"@context\":\"https:\\\/\\\/schema.org\",\"@graph\":[{\"@type\":\"WebPage\",\"@id\":\"https:\\\/\\\/www.varmlandschips.se\\\/index.php\\\/omoss\\\/\",\"url\":\"https:\\\/\\\/www.varmlandschips.se\\\/index.php\\\/omoss\\\/\",\"name\":\"Om oss - Grytfriterade Delikatesschips\",\"isPartOf\":{\"@id\":\"https:\\\/\\\/www.varmlandschips.se\\\/#website\"},\"datePublished\":\"2024-09-27T07:16:25+00:00\",\"dateModified\":\"2024-09-27T09:06:37+00:00\",\"breadcrumb\":{\"@id\":\"https:\\\/\\\/www.varmlandschips.se\\\/index.php\\\/omoss\\\/#breadcrumb\"},\"inLanguage\":\"sv-SE\",\"potentialAction\":[{\"@type\":\"ReadAction\",\"target\":[\"https:\\\/\\\/www.varmlandschips.se\\\/index.php\\\/omoss\\\/\"]}]},{\"@type\":\"BreadcrumbList\",\"@id\":\"https:\\\/\\\/www.varmlandschips.se\\\/index.php\\\/omoss\\\/#breadcrumb\",\"itemListElement\":[{\"@type\":\"ListItem\",\"position\":1,\"name\":\"Home\",\"item\":\"https:\\\/\\\/www.varmlandschips.se\\\/\"},{\"@type\":\"ListItem\",\"position\":2,\"name\":\"Om oss\"}]},{\"@type\":\"WebSite\",\"@id\":\"https:\\\/\\\/www.varmlandschips.se\\\/#website\",\"url\":\"https:\\\/\\\/www.varmlandschips.se\\\/\",\"name\":\"Grytfriterade Delikatesschips\",\"description\":\"Grytfriterade Delikatesschips\",\"publisher\":{\"@id\":\"https:\\\/\\\/www.varmlandschips.se\\\/#organization\"},\"potentialAction\":[{\"@type\":\"SearchAction\",\"target\":{\"@type\":\"EntryPoint\",\"urlTemplate\":\"https:\\\/\\\/www.varmlandschips.se\\\/?s={search_term_string}\"},\"query-input\":{\"@type\":\"PropertyValueSpecification\",\"valueRequired\":true,\"valueName\":\"search_term_string\"}}],\"inLanguage\":\"sv-SE\"},{\"@type\":\"Organization\",\"@id\":\"https:\\\/\\\/www.varmlandschips.se\\\/#organization\",\"name\":\"Grytfriterade Delikatesschips\",\"url\":\"https:\\\/\\\/www.varmlandschips.se\\\/\",\"logo\":{\"@type\":\"ImageObject\",\"inLanguage\":\"sv-SE\",\"@id\":\"https:\\\/\\\/www.varmlandschips.se\\\/#\\\/schema\\\/logo\\\/image\\\/\",\"url\":\"https:\\\/\\\/www.varmlandschips.se\\\/wp-content\\\/uploads\\\/2024\\\/09\\\/logo.avif\",\"contentUrl\":\"https:\\\/\\\/www.varmlandschips.se\\\/wp-content\\\/uploads\\\/2024\\\/09\\\/logo.avif\",\"width\":600,\"height\":300,\"caption\":\"Grytfriterade Delikatesschips\"},\"image\":{\"@id\":\"https:\\\/\\\/www.varmlandschips.se\\\/#\\\/schema\\\/logo\\\/image\\\/\"}}]}<\/script>\n<!-- \/ Yoast SEO plugin. -->","yoast_head_json":{"title":"Om oss - Grytfriterade Delikatesschips","robots":{"index":"index","follow":"follow","max-snippet":"max-snippet:-1","max-image-preview":"max-image-preview:large","max-video-preview":"max-video-preview:-1"},"canonical":"https:\/\/www.varmlandschips.se\/index.php\/omoss\/","og_locale":"sv_SE","og_type":"article","og_title":"Om oss - Grytfriterade Delikatesschips","og_description":"N\u00e4r handskivad potatis och gyllene rapsolja f\u00f6renades i en liten gryta i mitten av 2019 lades f\u00f6rsta byggstenen f\u00f6r vad som idag kallas V\u00e4rmlandschips.\u00a0V\u00e5ra delikatesschips grytfriteras i sm\u00e5 batcher p\u00e5 klassiskt vis, med skalet kvar, och smaks\u00e4tts d\u00e4refter med v\u00e5ra unika kryddkompositioner. Vi str\u00e4var efter att s\u00e5 m\u00e5nga som m\u00f6jligt ska f\u00e5 njuta av och [&hellip;]","og_url":"https:\/\/www.varmlandschips.se\/index.php\/omoss\/","og_site_name":"Grytfriterade Delikatesschips","article_modified_time":"2024-09-27T09:06:37+00:00","twitter_card":"summary_large_image","twitter_misc":{"Ber\u00e4knad l\u00e4stid":"1 minut"},"schema":{"@context":"https:\/\/schema.org","@graph":[{"@type":"WebPage","@id":"https:\/\/www.varmlandschips.se\/index.php\/omoss\/","url":"https:\/\/www.varmlandschips.se\/index.php\/omoss\/","name":"Om oss - Grytfriterade Delikatesschips","isPartOf":{"@id":"https:\/\/www.varmlandschips.se\/#website"},"datePublished":"2024-09-27T07:16:25+00:00","dateModified":"2024-09-27T09:06:37+00:00","breadcrumb":{"@id":"https:\/\/www.varmlandschips.se\/index.php\/omoss\/#breadcrumb"},"inLanguage":"sv-SE","potentialAction":[{"@type":"ReadAction","target":["https:\/\/www.varmlandschips.se\/index.php\/omoss\/"]}]},{"@type":"BreadcrumbList","@id":"https:\/\/www.varmlandschips.se\/index.php\/omoss\/#breadcrumb","itemListElement":[{"@type":"ListItem","position":1,"name":"Home","item":"https:\/\/www.varmlandschips.se\/"},{"@type":"ListItem","position":2,"name":"Om oss"}]},{"@type":"WebSite","@id":"https:\/\/www.varmlandschips.se\/#website","url":"https:\/\/www.varmlandschips.se\/","name":"Grytfriterade Delikatesschips","description":"Grytfriterade Delikatesschips","publisher":{"@id":"https:\/\/www.varmlandschips.se\/#organization"},"potentialAction":[{"@type":"SearchAction","target":{"@type":"EntryPoint","urlTemplate":"https:\/\/www.varmlandschips.se\/?s={search_term_string}"},"query-input":{"@type":"PropertyValueSpecification","valueRequired":true,"valueName":"search_term_string"}}],"inLanguage":"sv-SE"},{"@type":"Organization","@id":"https:\/\/www.varmlandschips.se\/#organization","name":"Grytfriterade Delikatesschips","url":"https:\/\/www.varmlandschips.se\/","logo":{"@type":"ImageObject","inLanguage":"sv-SE","@id":"https:\/\/www.varmlandschips.se\/#\/schema\/logo\/image\/","url":"https:\/\/www.varmlandschips.se\/wp-content\/uploads\/2024\/09\/logo.avif","contentUrl":"https:\/\/www.varmlandschips.se\/wp-content\/uploads\/2024\/09\/logo.avif","width":600,"height":300,"caption":"Grytfriterade Delikatesschips"},"image":{"@id":"https:\/\/www.varmlandschips.se\/#\/schema\/logo\/image\/"}}]}},"_links":{"self":[{"href":"https:\/\/www.varmlandschips.se\/index.php\/wp-json\/wp\/v2\/pages\/2","targetHints":{"allow":["GET"]}}],"collection":[{"href":"https:\/\/www.varmlandschips.se\/index.php\/wp-json\/wp\/v2\/pages"}],"about":[{"href":"https:\/\/www.varmlandschips.se\/index.php\/wp-json\/wp\/v2\/types\/page"}],"author":[{"embeddable":true,"href":"https:\/\/www.varmlandschips.se\/index.php\/wp-json\/wp\/v2\/users\/1"}],"replies":[{"embeddable":true,"href":"https:\/\/www.varmlandschips.se\/index.php\/wp-json\/wp\/v2\/comments?post=2"}],"version-history":[{"count":3,"href":"https:\/\/www.varmlandschips.se\/index.php\/wp-json\/wp\/v2\/pages\/2\/revisions"}],"predecessor-version":[{"id":22,"href":"https:\/\/www.varmlandschips.se\/index.php\/wp-json\/wp\/v2\/pages\/2\/revisions\/22"}],"wp:attachment":[{"href":"https:\/\/www.varmlandschips.se\/index.php\/wp-json\/wp\/v2\/media?parent=2"}],"curies":[{"name":"wp","href":"https:\/\/api.w.org\/{rel}","templated":true}]}}