{"id":26,"date":"2024-09-27T12:58:47","date_gmt":"2024-09-27T10:58:47","guid":{"rendered":"https:\/\/www.varmlandschips.se\/?page_id=26"},"modified":"2024-09-27T12:58:47","modified_gmt":"2024-09-27T10:58:47","slug":"kontakta-oss","status":"publish","type":"page","link":"https:\/\/www.varmlandschips.se\/index.php\/kontakta-oss\/","title":{"rendered":"Kontakta oss"},"content":{"rendered":"\n<p>Om du \u00e4r intresserad av att s\u00e4lja V\u00e4rmlandschips i din restaurang, krog eller butik s\u00e5 g\u00f6r du r\u00e4tt i att maila oss p\u00e5 info@varmlandschips.se &#8211; s\u00e5 h\u00f6r vi av oss s\u00e5 fort vi bara kan!\u00a0<\/p>\n\n\n\n<p>Lider du av n\u00e5got s\u00e5 f\u00f6rskr\u00e4ckligt som livshotande chipsbrist s\u00e5 g\u00e5r det lika bra att h\u00f6ra av dig p\u00e5 076 00 77 244, kan vi inte svara s\u00e5 ringer vi upp. Sms g\u00e5r sj\u00e4lvklart ocks\u00e5 bra<\/p>\n\n\n\n<p><\/p>\n\n\n\n<p>Adress:<\/p>\n\n\n\n<p>V\u00e4rmlandschips<\/p>\n\n\n\n<p>Kokerigatan 4<\/p>\n\n\n\n<p>671 60 Arvika<\/p>\n","protected":false},"excerpt":{"rendered":"<p>Om du \u00e4r intresserad av att s\u00e4lja V\u00e4rmlandschips i din restaurang, krog eller butik s\u00e5 g\u00f6r du r\u00e4tt i att maila oss p\u00e5 info@varmlandschips.se &#8211; s\u00e5 h\u00f6r vi av oss s\u00e5 fort vi bara kan!\u00a0 Lider du av n\u00e5got s\u00e5 f\u00f6rskr\u00e4ckligt som livshotande chipsbrist s\u00e5 g\u00e5r det lika bra att h\u00f6ra av dig p\u00e5 076 [&hellip;]<\/p>\n","protected":false},"author":1,"featured_media":0,"parent":0,"menu_order":0,"comment_status":"closed","ping_status":"closed","template":"","meta":{"footnotes":""},"class_list":["post-26","page","type-page","status-publish","hentry"],"yoast_head":"<!-- This site is optimized with the Yoast SEO plugin v27.4 - https:\/\/yoast.com\/product\/yoast-seo-wordpress\/ -->\n<title>Kontakta oss - Grytfriterade Delikatesschips<\/title>\n<meta name=\"robots\" content=\"index, follow, max-snippet:-1, max-image-preview:large, max-video-preview:-1\" \/>\n<link rel=\"canonical\" href=\"https:\/\/www.varmlandschips.se\/index.php\/kontakta-oss\/\" \/>\n<meta property=\"og:locale\" content=\"sv_SE\" \/>\n<meta property=\"og:type\" content=\"article\" \/>\n<meta property=\"og:title\" content=\"Kontakta oss - Grytfriterade Delikatesschips\" \/>\n<meta property=\"og:description\" content=\"Om du \u00e4r intresserad av att s\u00e4lja V\u00e4rmlandschips i din restaurang, krog eller butik s\u00e5 g\u00f6r du r\u00e4tt i att maila oss p\u00e5 info@varmlandschips.se &#8211; s\u00e5 h\u00f6r vi av oss s\u00e5 fort vi bara kan!\u00a0 Lider du av n\u00e5got s\u00e5 f\u00f6rskr\u00e4ckligt som livshotande chipsbrist s\u00e5 g\u00e5r det lika bra att h\u00f6ra av dig p\u00e5 076 [&hellip;]\" \/>\n<meta property=\"og:url\" content=\"https:\/\/www.varmlandschips.se\/index.php\/kontakta-oss\/\" \/>\n<meta property=\"og:site_name\" content=\"Grytfriterade Delikatesschips\" \/>\n<meta name=\"twitter:card\" content=\"summary_large_image\" \/>\n<meta name=\"twitter:label1\" content=\"Ber\u00e4knad l\u00e4stid\" \/>\n\t<meta name=\"twitter:data1\" content=\"1 minut\" \/>\n<script type=\"application\/ld+json\" class=\"yoast-schema-graph\">{\"@context\":\"https:\\\/\\\/schema.org\",\"@graph\":[{\"@type\":\"WebPage\",\"@id\":\"https:\\\/\\\/www.varmlandschips.se\\\/index.php\\\/kontakta-oss\\\/\",\"url\":\"https:\\\/\\\/www.varmlandschips.se\\\/index.php\\\/kontakta-oss\\\/\",\"name\":\"Kontakta oss - Grytfriterade Delikatesschips\",\"isPartOf\":{\"@id\":\"https:\\\/\\\/www.varmlandschips.se\\\/#website\"},\"datePublished\":\"2024-09-27T10:58:47+00:00\",\"breadcrumb\":{\"@id\":\"https:\\\/\\\/www.varmlandschips.se\\\/index.php\\\/kontakta-oss\\\/#breadcrumb\"},\"inLanguage\":\"sv-SE\",\"potentialAction\":[{\"@type\":\"ReadAction\",\"target\":[\"https:\\\/\\\/www.varmlandschips.se\\\/index.php\\\/kontakta-oss\\\/\"]}]},{\"@type\":\"BreadcrumbList\",\"@id\":\"https:\\\/\\\/www.varmlandschips.se\\\/index.php\\\/kontakta-oss\\\/#breadcrumb\",\"itemListElement\":[{\"@type\":\"ListItem\",\"position\":1,\"name\":\"Home\",\"item\":\"https:\\\/\\\/www.varmlandschips.se\\\/\"},{\"@type\":\"ListItem\",\"position\":2,\"name\":\"Kontakta oss\"}]},{\"@type\":\"WebSite\",\"@id\":\"https:\\\/\\\/www.varmlandschips.se\\\/#website\",\"url\":\"https:\\\/\\\/www.varmlandschips.se\\\/\",\"name\":\"Grytfriterade Delikatesschips\",\"description\":\"Grytfriterade Delikatesschips\",\"publisher\":{\"@id\":\"https:\\\/\\\/www.varmlandschips.se\\\/#organization\"},\"potentialAction\":[{\"@type\":\"SearchAction\",\"target\":{\"@type\":\"EntryPoint\",\"urlTemplate\":\"https:\\\/\\\/www.varmlandschips.se\\\/?s={search_term_string}\"},\"query-input\":{\"@type\":\"PropertyValueSpecification\",\"valueRequired\":true,\"valueName\":\"search_term_string\"}}],\"inLanguage\":\"sv-SE\"},{\"@type\":\"Organization\",\"@id\":\"https:\\\/\\\/www.varmlandschips.se\\\/#organization\",\"name\":\"Grytfriterade Delikatesschips\",\"url\":\"https:\\\/\\\/www.varmlandschips.se\\\/\",\"logo\":{\"@type\":\"ImageObject\",\"inLanguage\":\"sv-SE\",\"@id\":\"https:\\\/\\\/www.varmlandschips.se\\\/#\\\/schema\\\/logo\\\/image\\\/\",\"url\":\"https:\\\/\\\/www.varmlandschips.se\\\/wp-content\\\/uploads\\\/2024\\\/09\\\/logo.avif\",\"contentUrl\":\"https:\\\/\\\/www.varmlandschips.se\\\/wp-content\\\/uploads\\\/2024\\\/09\\\/logo.avif\",\"width\":600,\"height\":300,\"caption\":\"Grytfriterade Delikatesschips\"},\"image\":{\"@id\":\"https:\\\/\\\/www.varmlandschips.se\\\/#\\\/schema\\\/logo\\\/image\\\/\"}}]}<\/script>\n<!-- \/ Yoast SEO plugin. -->","yoast_head_json":{"title":"Kontakta oss - Grytfriterade Delikatesschips","robots":{"index":"index","follow":"follow","max-snippet":"max-snippet:-1","max-image-preview":"max-image-preview:large","max-video-preview":"max-video-preview:-1"},"canonical":"https:\/\/www.varmlandschips.se\/index.php\/kontakta-oss\/","og_locale":"sv_SE","og_type":"article","og_title":"Kontakta oss - Grytfriterade Delikatesschips","og_description":"Om du \u00e4r intresserad av att s\u00e4lja V\u00e4rmlandschips i din restaurang, krog eller butik s\u00e5 g\u00f6r du r\u00e4tt i att maila oss p\u00e5 info@varmlandschips.se &#8211; s\u00e5 h\u00f6r vi av oss s\u00e5 fort vi bara kan!\u00a0 Lider du av n\u00e5got s\u00e5 f\u00f6rskr\u00e4ckligt som livshotande chipsbrist s\u00e5 g\u00e5r det lika bra att h\u00f6ra av dig p\u00e5 076 [&hellip;]","og_url":"https:\/\/www.varmlandschips.se\/index.php\/kontakta-oss\/","og_site_name":"Grytfriterade Delikatesschips","twitter_card":"summary_large_image","twitter_misc":{"Ber\u00e4knad l\u00e4stid":"1 minut"},"schema":{"@context":"https:\/\/schema.org","@graph":[{"@type":"WebPage","@id":"https:\/\/www.varmlandschips.se\/index.php\/kontakta-oss\/","url":"https:\/\/www.varmlandschips.se\/index.php\/kontakta-oss\/","name":"Kontakta oss - Grytfriterade Delikatesschips","isPartOf":{"@id":"https:\/\/www.varmlandschips.se\/#website"},"datePublished":"2024-09-27T10:58:47+00:00","breadcrumb":{"@id":"https:\/\/www.varmlandschips.se\/index.php\/kontakta-oss\/#breadcrumb"},"inLanguage":"sv-SE","potentialAction":[{"@type":"ReadAction","target":["https:\/\/www.varmlandschips.se\/index.php\/kontakta-oss\/"]}]},{"@type":"BreadcrumbList","@id":"https:\/\/www.varmlandschips.se\/index.php\/kontakta-oss\/#breadcrumb","itemListElement":[{"@type":"ListItem","position":1,"name":"Home","item":"https:\/\/www.varmlandschips.se\/"},{"@type":"ListItem","position":2,"name":"Kontakta oss"}]},{"@type":"WebSite","@id":"https:\/\/www.varmlandschips.se\/#website","url":"https:\/\/www.varmlandschips.se\/","name":"Grytfriterade Delikatesschips","description":"Grytfriterade Delikatesschips","publisher":{"@id":"https:\/\/www.varmlandschips.se\/#organization"},"potentialAction":[{"@type":"SearchAction","target":{"@type":"EntryPoint","urlTemplate":"https:\/\/www.varmlandschips.se\/?s={search_term_string}"},"query-input":{"@type":"PropertyValueSpecification","valueRequired":true,"valueName":"search_term_string"}}],"inLanguage":"sv-SE"},{"@type":"Organization","@id":"https:\/\/www.varmlandschips.se\/#organization","name":"Grytfriterade Delikatesschips","url":"https:\/\/www.varmlandschips.se\/","logo":{"@type":"ImageObject","inLanguage":"sv-SE","@id":"https:\/\/www.varmlandschips.se\/#\/schema\/logo\/image\/","url":"https:\/\/www.varmlandschips.se\/wp-content\/uploads\/2024\/09\/logo.avif","contentUrl":"https:\/\/www.varmlandschips.se\/wp-content\/uploads\/2024\/09\/logo.avif","width":600,"height":300,"caption":"Grytfriterade Delikatesschips"},"image":{"@id":"https:\/\/www.varmlandschips.se\/#\/schema\/logo\/image\/"}}]}},"_links":{"self":[{"href":"https:\/\/www.varmlandschips.se\/index.php\/wp-json\/wp\/v2\/pages\/26","targetHints":{"allow":["GET"]}}],"collection":[{"href":"https:\/\/www.varmlandschips.se\/index.php\/wp-json\/wp\/v2\/pages"}],"about":[{"href":"https:\/\/www.varmlandschips.se\/index.php\/wp-json\/wp\/v2\/types\/page"}],"author":[{"embeddable":true,"href":"https:\/\/www.varmlandschips.se\/index.php\/wp-json\/wp\/v2\/users\/1"}],"replies":[{"embeddable":true,"href":"https:\/\/www.varmlandschips.se\/index.php\/wp-json\/wp\/v2\/comments?post=26"}],"version-history":[{"count":1,"href":"https:\/\/www.varmlandschips.se\/index.php\/wp-json\/wp\/v2\/pages\/26\/revisions"}],"predecessor-version":[{"id":27,"href":"https:\/\/www.varmlandschips.se\/index.php\/wp-json\/wp\/v2\/pages\/26\/revisions\/27"}],"wp:attachment":[{"href":"https:\/\/www.varmlandschips.se\/index.php\/wp-json\/wp\/v2\/media?parent=26"}],"curies":[{"name":"wp","href":"https:\/\/api.w.org\/{rel}","templated":true}]}}